of p.
41
Let j(f) be the third derivative of -f**4/12 - 2*f**3 + 2*f**2. Let g be j(-8). Suppose -4*a - 2*x = -22, -g = -a + x + 3. List the prime factors of a.
2, 3
Suppose -50 = -3*d - 0*d + y, -8 = -2*y. Let k = -12 + d. List the prime factors of k.
2, 3
Suppose 3*q - 2*q + 4*a = 23, -3*q = 5*a - 34. Suppose -q + 63 = 5*t. List the prime factors of t.
2, 3
Suppose 0 = l + 3 - 7. Suppose -l*d = -9 + 1. Suppose 0 = -d*r + 6 - 2. What are the prime factors of r?
2
Suppose 7*r + 105 = 280. List the prime factors of r.
5
Let f(k) = k**3 - 5*k**2 - 7*k + 6. Let a be f(6). Suppose -3*z + 85 - 34 = a. List the prime factors of z.
17
Suppose -5*o + 4*i - 6*i + 1727 = 0, 3*o + 5*i = 1021. What are the prime factors of o?
347
Let y = 8 + -4. Suppose 2*j = -d + 3, 3*d + 1 = y*j + 4*d. What are the prime factors of (-3)/(j - -2 - 2)?
3
Suppose -8 + 16 = 2*z. Suppose -5*n + 13 = 3. Suppose n*p + 28 = z*p. What are the prime factors of p?
2, 7
Suppose -q = -33 - 5. List the prime factors of 2/(-3) - q/(-3).
2, 3
Let h = -5 - -6. List the prime factors of 15*h*(-2)/(-3).
2, 5
Let i(y) = -7 - y**2 + 9*y - 3 + 1. Let v be i(8). What are the prime factors of 4 + 0/2 + v?
3
Let d(z) = -z**3 + 5*z**2 - 3*z - 4. Let l be d(3). Suppose -b + 302 - 89 = -l*h, 0 = h + 2*b + 47. Let y = -30 - h. What are the prime factors of y?
13
Let t = -69 + 121. What are the prime factors of t?
2, 13
Let d(u) = -2*u. Let y(k) = -k. Let x(o) = d(o) - 3*y(o). What are the prime factors of x(9)?
3
Let v(g) = 7*g**2 - 1. Let f be v(-1). Let s be 3/(-1)*(-4)/6. Suppose -u - 6 = -b, -b - s*u + f = 3*u. List the prime factors of b.
2, 3
Let u = -9 - -14. Suppose 0 = -u*a - 0*a + 120. What are the prime factors of a?
2, 3
Suppose g - 7 = -5. Suppose 4 = -2*o, -g*z - 12 = -5*o - 66. What are the prime factors of z?
2, 11
Let v(a) = a**2 + 7*a + 6. Let q be v(-6). Suppose 5*k - 8 - 17 = q. What are the prime factors of k?
5
Suppose -2*z + 54 = u, u = -3*z - u + 80. Suppose -7*w + 46 = -164. Suppose -2*x = b + 3*x - w, -2*x = 2*b - z. List the prime factors of b.
2, 5
Let v = -19 - -55. Suppose -3*f + 27 = -v. List the prime factors of f.
3, 7
Let m = -48 + 146. List the prime factors of m.
2, 7
Suppose 5*h = -3*a + a + 32, -2*a + 2*h = -46. Let i = a - 15. What are the prime factors of i?
2, 3
Suppose s + 2 = 4*h - 13, 2*s - 4*h + 10 = 0. Suppose 2*o - s = o. What are the prime factors of (24/(-20))/((-2)/o)?
3
Let d(b) = -b - 7. Let z be d(-10). Suppose f + 0 = z. Suppose -g = -f*w - 5, -3*w + 4 = 7. List the prime factors of g.
2
Suppose -9 = -4*z + 63. Suppose 0 = 4*l + 12, l = 3*d + 2*l - z. What are the prime factors of d?
7
Suppose 5*v - q + 2 = 35, 0 = -2*q - 6. What are the prime factors of (-3)/v*-2*4?
2
Let k = 5 - 4. Suppose 5*l - k = -11. Let q(s) = -7*s + 1. What are the prime factors of q(l)?
3, 5
Suppose 5*u + 5*y + 270 = 0, 4*u + 216 = -0*u + 3*y. Let a = u + 90. What are the prime factors of a?
2, 3
Let c = 9 - 6. Let r(k) = 8*k - 1. List the prime factors of r(c).
23
Let t(f) = f**2 - 7*f - 15. What are the prime factors of t(13)?
3, 7
Suppose 0*g + 12 = 4*g. Suppose -g*f + 3*d = -114, -2*f - d = f - 94. Let k = -22 + f. What are the prime factors of k?
11
Let j be 8/2 - 0 - 2. Let q = 6 + j. List the prime factors of q.
2
Let j(u) = -u**3 - 5*u**2 + 7*u + 5. Suppose 0 = 5*s - s + 24. Let a be j(s). Let n(h) = 10*h**2 - 1. List the prime factors of n(a).
3
Let m = -1 - -1. Suppose 4*o - 60 = -4*p, m*o - 54 = -4*p - 2*o. What are the prime factors of p?
2, 3
Suppose -2*j = -6, 0*y + y - 182 = -j. List the prime factors of y.
179
Let z(h) = -h**2 + 7*h - 2. Let t be z(6). Suppose 2*u = 3*y + 7*u - 86, -t*y + 84 = -u. Let p = -9 + y. What are the prime factors of p?
13
Let q be 13/(-1*(-3)/(-3)). Let v = -7 - q. List the prime factors of 50/v + (-2)/6.
2
Suppose -2*d = 2*z - 160, z + 3*d - 69 - 3 = 0. List the prime factors of z.
2, 3, 7
Suppose -5*j + t - 211 + 1049 = 0, -2*j - 5*t = -346. What are the prime factors of j?
2, 3, 7
Let u(m) = m**2 + 9*m - 12. Let x be u(-10). List the prime factors of -2 + (4 - x*17).
2, 3
Suppose 2*w = 3*w - 3. List the prime factors of -1 - w/(-1) - -20.
2, 11
Let l = 98 + 29. What are the prime factors of l?
127
List the prime factors of -3 + 5 - 1*-16.
2, 3
Suppose 3*p + v = 263, -2*p + 163 = -4*v - 3. What are the prime factors of p?
3, 29
Suppose -4*b = -3*i - 2*b + 341, 0 = -5*i + 3*b + 567. What are the prime factors of i?
3, 37
Let f(b) = -b**2 + 12*b - 14. Let u be f(10). Let d be (-15)/u + 1/2. Let y = d - -4. List the prime factors of y.
2
Let d(c) = c**3 + 2*c**2. Let h be d(-2). Suppose h = -2*t - t. Suppose -f + 71 = 3*v, t = 3*v - f - 17 - 44. List the prime factors of v.
2, 11
Let g be -12*(6/2)/3. Let j = 3 - g. List the prime factors of j.
3, 5
Let u = 14 - 11. Suppose 0 = -w - 1 + u. List the prime factors of w.
2
Suppose 4*f = 12, -450 - 133 = -5*t - f. What are the prime factors of t?
2, 29
Let m(t) = t**2 + 3*t - 1. Let p be 2 - (1 - 1)/3. What are the prime factors of m(p)?
3
Let s = 21 - 75. Let t = s + 75. List the prime factors of t.
3, 7
Suppose 2 = 4*v - 2. Suppose -4*j = -3*s - 0*s - v, -15 = -5*j + s. Suppose j*t + 2*c = 16, -3*c = -3*t + 6*t - 15. What are the prime factors of t?
3
Suppose 0 = 2*s + 2*s + 2*g - 1454, 5 = -5*g. What are the prime factors of s?
2, 7, 13
Suppose 4*b = -4*d - 4, b + 1 + 2 = 0. Suppose g - d*i = -3*g + 6, -3*g + 3*i = 3. What are the prime factors of (-18)/(-8) + (-1)/g?
2
Let n(u) = u**3 + 9*u**2 - 4*u - 15. What are the prime factors of n(-9)?
3, 7
Suppose -3*j - i = -57, -5*j + 0*j + 94 = 2*i. What are the prime factors of j?
2, 5
Let y(x) = -15*x**2 - 1. Let n be y(-1). What are the prime factors of 1/4 + (-156)/n?
2, 5
Let u = 5 - 0. Suppose -4 = -u*l + 6. Suppose 0 = -l*h + 16 + 2. What are the prime factors of h?
3
Suppose 308 = 10*z - 1292. What are the prime factors of z?
2, 5
Suppose 4*w = -4*p - 60, 0 = 2*w + p - 3*p + 10. What are the prime factors of 12/30 - 136/w?
2, 7
Let j(w) = w + 1. Suppose -y = -4*q - 17, -2*y - 5*q = 22 - 4. Let l be j(y). Suppose l*n - 27 = -n. What are the prime factors of n?
3
Let j = 157 + -68. List the prime factors of j.
89
Let x(s) = -s + 1. Let a(f) = -2*f + 7. Let g(d) = a(d) - 3*x(d). Suppose 5*r + p = 2*r + 16, -3*r = -3*p - 12. What are the prime factors of g(r)?
3
Suppose 3*v + 4*o = 87, -3*o + 7*o + 116 = 4*v. What are the prime factors of v?
29
Let q = 9 - 6. Let z = 5 + q. List the prime factors of z.
2
Let y = 113 - 23. What are the prime factors of y?
2, 3, 5
Let a be (3 - (-14)/(-6))*-27. Let v be a/(-2)*(-28)/(-21). Let f = 21 - v. List the prime factors of f.
3
Suppose -4*o - 2*p = 10, 6 = -5*o - 4*p - 14. Suppose -5 = -3*v - 2*v, -3*l + 4*v + 8 = o. What are the prime factors of l?
2
List the prime factors of 68/4 + 3/(-1).
2, 7
Suppose 4*o = 4*i - 4, -2*i + 34 = 3*o + 7. Let t = i - -7. What are the prime factors of t?
13
Let j(x) = 8*x + 11. Let y(w) = w + 1. Let c(g) = 2*j(g) - 22*y(g). What are the prime factors of c(-2)?
2, 3
Let n = -1 + 1. Suppose n = -5*k - 10, -w = 3*w + k + 38. Let d = 0 - w. List the prime factors of d.
3
Suppose 5*h - 75 = -0. List the prime factors of h.
3, 5
Let b be (-32)/(-10) - 7/35. Suppose 4*g + 0*g - 4 = -3*z, -8 = b*g + 5*z. List the prime factors of g.
2
Let o(d) = -d**3 + 5*d**2 + 5*d - 2. Let h be o(6). List the prime factors of 6*h/(-36)*18.
2, 3
Let f(o) = 2*o - 3. Let t be f(-6). What are the prime factors of (-70)/(-4)*(-12)/t?
2, 7
Let z = 6 - -1. Suppose z + 1 = o. List the prime factors of o.
2
Suppose -14*i = -18*i + 160. What are the prime factors of i?
2, 5
Let s(c) = 2*c - 6. Let d(p) = p**2 - 5*p - 8. Let k be d(7). What are the prime factors of s(k)?
2, 3
Let c be 2/(-3) - 820/(-15). Let i = 94 - c. Suppose -2*a + i = 2*w + 2*w, w + 4 = -4*a. List the prime factors of w.
2, 3
Let t(k) = k**2 - 4*k - 7. Let s be t(6). Let l = -9 - -14. Suppose l*g + 3 = 2*o + 9, 0 = -s*g + 4*o + 2. List the prime factors of g.
2
Let y = -7 - -9. Let a = 5 - y. List the prime factors of a.
3
Suppose 11 = 3*y + 8. List the prime factors of y/(3/6) + 8.
2, 5
Let d = -208 - -108. Let h = d - -58. List the prime factors of (-1)/2*h/3.
7
Suppose -6*a = -222 - 540. List the prime factors of 